{"id":381,"date":"2020-04-09T11:22:26","date_gmt":"2020-04-09T11:22:26","guid":{"rendered":"http:\/\/hans-meierhofer.ch\/?page_id=381"},"modified":"2023-10-01T13:18:09","modified_gmt":"2023-10-01T13:18:09","slug":"ton-film","status":"publish","type":"page","link":"https:\/\/hans-meierhofer.ch\/?page_id=381","title":{"rendered":"Ton\/Film"},"content":{"rendered":"\n<h3 class=\"wp-block-heading\"><a href=\"http:\/\/hans-meierhofer.ch\/wp-content\/uploads\/2023\/10\/UeBERSICHT-KORR-SO-2023.pdf\" data-type=\"link\" data-id=\"http:\/\/hans-meierhofer.ch\/wp-content\/uploads\/2023\/10\/UeBERSICHT-KORR-SO-2023.pdf\" target=\"_blank\" rel=\"noreferrer noopener\">Klicken Sie hier f\u00fcr die \u00dcbersicht \u00fcber alle<\/a><a href=\"http:\/\/hans-meierhofer.ch\/wp-content\/uploads\/2023\/10\/UeBERSICHT-KORR-SO-2023.pdf\" data-type=\"link\" data-id=\"http:\/\/hans-meierhofer.ch\/wp-content\/uploads\/2023\/10\/UeBERSICHT-KORR-SO-2023.pdf\"> Filme, PDF &amp; Querbez\u00fcge<\/a><\/h3>\n\n\n\n<div style=\"height:100px\" aria-hidden=\"true\" class=\"wp-block-spacer\"><\/div>\n\n\n\n<h2 class=\"wp-block-heading\">Bitte w\u00e4hlen Sie eine Unterkategorie aus<\/h2>\n\n\n\n<h3 class=\"wp-block-heading\"><a href=\"http:\/\/hans-meierhofer.ch\/?page_id=421\">Dirigat<\/a><\/h3>\n\n\n\n<h3 class=\"wp-block-heading\"><a href=\"http:\/\/hans-meierhofer.ch\/?page_id=505\">Violine<\/a><\/h3>\n\n\n\n<h3 class=\"wp-block-heading\"><a href=\"http:\/\/hans-meierhofer.ch\/?page_id=514\">Klavier<\/a><\/h3>\n\n\n\n<h3 class=\"wp-block-heading\"><a href=\"http:\/\/hans-meierhofer.ch\/?page_id=613\" data-type=\"page\" data-id=\"613\">Vokal<\/a><\/h3>\n\n\n\n<h3 class=\"wp-block-heading\"><a href=\"http:\/\/hans-meierhofer.ch\/?page_id=448\">Folklore<\/a><\/h3>\n\n\n\n<h3 class=\"wp-block-heading\"><a href=\"http:\/\/hans-meierhofer.ch\/?page_id=487\">Bearbeitung<\/a><\/h3>\n\n\n\n<h3 class=\"wp-block-heading\"><a href=\"http:\/\/hans-meierhofer.ch\/?page_id=489\">Stilkopie<\/a><\/h3>\n\n\n\n<h3 class=\"wp-block-heading\"><a href=\"http:\/\/hans-meierhofer.ch\/?page_id=419\">Oper<\/a><\/h3>\n\n\n\n<h3 class=\"wp-block-heading\"><a href=\"http:\/\/hans-meierhofer.ch\/?page_id=577\">Regie<\/a><\/h3>\n\n\n\n<h3 class=\"wp-block-heading\"><a href=\"http:\/\/hans-meierhofer.ch\/?page_id=470\">Experiment<\/a><\/h3>\n\n\n\n<h3 class=\"wp-block-heading\"><a href=\"http:\/\/hans-meierhofer.ch\/?page_id=676\" data-type=\"page\" data-id=\"676\">P\u00e4dagogik<\/a><\/h3>\n\n\n\n<h3 class=\"wp-block-heading\"><a href=\"http:\/\/hans-meierhofer.ch\/?page_id=764\" data-type=\"page\" data-id=\"764\">Theorie<\/a><\/h3>\n\n\n\n<h3 class=\"wp-block-heading\"><a href=\"http:\/\/hans-meierhofer.ch\/?page_id=932\" data-type=\"page\" data-id=\"932\">Varia<\/a><\/h3>\n\n\n\n<h3 class=\"wp-block-heading\"><a href=\"http:\/\/hans-meierhofer.ch\/?page_id=2513\" data-type=\"page\" data-id=\"2513\">Sch\u00f6pfung<\/a><\/h3>\n\n\n\n<hr class=\"wp-block-separator has-css-opacity\"\/>\n","protected":false},"excerpt":{"rendered":"<p>Klicken Sie hier f\u00fcr die \u00dcbersicht \u00fcber alle Filme, PDF &amp; Querbez\u00fcge Bitte w\u00e4hlen Sie eine Unterkategorie aus Dirigat Violine Klavier Vokal Folklore Bearbeitung Stilkopie Oper Regie Experiment P\u00e4dagogik Theorie Varia Sch\u00f6pfung<\/p>\n","protected":false},"author":1,"featured_media":0,"parent":0,"menu_order":0,"comment_status":"closed","ping_status":"closed","template":"template-fullwidth.php","meta":{"jetpack_post_was_ever_published":false,"footnotes":""},"class_list":["post-381","page","type-page","status-publish","hentry"],"jetpack_sharing_enabled":true,"jetpack_shortlink":"https:\/\/wp.me\/P7enWR-69","jetpack-related-posts":[],"_links":{"self":[{"href":"https:\/\/hans-meierhofer.ch\/index.php?rest_route=\/wp\/v2\/pages\/381","targetHints":{"allow":["GET"]}}],"collection":[{"href":"https:\/\/hans-meierhofer.ch\/index.php?rest_route=\/wp\/v2\/pages"}],"about":[{"href":"https:\/\/hans-meierhofer.ch\/index.php?rest_route=\/wp\/v2\/types\/page"}],"author":[{"embeddable":true,"href":"https:\/\/hans-meierhofer.ch\/index.php?rest_route=\/wp\/v2\/users\/1"}],"replies":[{"embeddable":true,"href":"https:\/\/hans-meierhofer.ch\/index.php?rest_route=%2Fwp%2Fv2%2Fcomments&post=381"}],"version-history":[{"count":34,"href":"https:\/\/hans-meierhofer.ch\/index.php?rest_route=\/wp\/v2\/pages\/381\/revisions"}],"predecessor-version":[{"id":2626,"href":"https:\/\/hans-meierhofer.ch\/index.php?rest_route=\/wp\/v2\/pages\/381\/revisions\/2626"}],"wp:attachment":[{"href":"https:\/\/hans-meierhofer.ch\/index.php?rest_route=%2Fwp%2Fv2%2Fmedia&parent=381"}],"curies":[{"name":"wp","href":"https:\/\/api.w.org\/{rel}","templated":true}]}}